{"id":829,"date":"2020-06-25T23:14:54","date_gmt":"2020-06-25T21:14:54","guid":{"rendered":"http:\/\/www1.up.poznan.pl\/kzcid\/?page_id=829"},"modified":"2025-10-03T13:38:22","modified_gmt":"2025-10-03T11:38:22","slug":"malgorzata-wozniewicz-2","status":"publish","type":"page","link":"http:\/\/www1.up.poznan.pl\/kzcid\/malgorzata-wozniewicz-2\/","title":{"rendered":"Ma\u0142gorzata Wo\u017aniewicz"},"content":{"rendered":"\r\n<div class=\"wp-block-group\">\r\n<div class=\"wp-block-group__inner-container\">\r\n<div class=\"wp-block-image personal-foto\">\r\n<figure class=\"alignleft size-medium\"><a href=\"http:\/\/www1.up.poznan.pl\/kzcid\/wp-content\/uploads\/2020\/06\/Ma\u0142gorzata-Wo\u017aniewicz.jpg\"><img loading=\"lazy\" width=\"248\" height=\"300\" class=\"wp-image-799\" src=\"http:\/\/www1.up.poznan.pl\/kzcid\/wp-content\/uploads\/2020\/06\/Ma\u0142gorzata-Wo\u017aniewicz-248x300.jpg\" alt=\"\" srcset=\"http:\/\/www1.up.poznan.pl\/kzcid\/wp-content\/uploads\/2020\/06\/Ma\u0142gorzata-Wo\u017aniewicz-248x300.jpg 248w, http:\/\/www1.up.poznan.pl\/kzcid\/wp-content\/uploads\/2020\/06\/Ma\u0142gorzata-Wo\u017aniewicz-846x1024.jpg 846w, http:\/\/www1.up.poznan.pl\/kzcid\/wp-content\/uploads\/2020\/06\/Ma\u0142gorzata-Wo\u017aniewicz-768x930.jpg 768w, http:\/\/www1.up.poznan.pl\/kzcid\/wp-content\/uploads\/2020\/06\/Ma\u0142gorzata-Wo\u017aniewicz-1269x1536.jpg 1269w, http:\/\/www1.up.poznan.pl\/kzcid\/wp-content\/uploads\/2020\/06\/Ma\u0142gorzata-Wo\u017aniewicz-223x270.jpg 223w, http:\/\/www1.up.poznan.pl\/kzcid\/wp-content\/uploads\/2020\/06\/Ma\u0142gorzata-Wo\u017aniewicz.jpg 1692w\" sizes=\"(max-width: 248px) 100vw, 248px\" \/><\/a><\/figure>\r\n<\/div>\r\n\r\n\r\n\r\n<p><strong>Stopie\u0144\/tytu\u0142: <\/strong>dr hab.<br \/><strong>Stanowisko:<\/strong> adiunkt<\/p>\r\n\r\n\r\n\r\n<p>&nbsp;<\/p>\r\n\r\n\r\n\r\n<p><strong>Pok\u00f3j:\u00a0<\/strong>237<br \/><strong>Telefon:<\/strong> +48 61 8487338<br \/><strong>E-mail:<\/strong>\u00a0<a href=\"mailto:malgorzata.wozniewicz@up.poznan.pl\">malgorzata.wozniewicz@up.poznan.pl<\/a><br \/><strong>Termin konsultacji: <\/strong>do ustalenia indywidualnie<\/p>\r\n<\/div>\r\n<\/div>\r\n\r\n\r\n\r\n<h4>Wykszta\u0142cenie<\/h4>\r\n\r\n\r\n\r\n<p><strong>2014<\/strong> doktor habilitowany nauk rolniczych, specjalno\u015b\u0107 \u017cywienie cz\u0142owieka, Uniwersytet Przyrodniczy w Poznaniu<br \/><br \/><strong>2000<\/strong> doktor nauk rolniczych, \u017cywienie cz\u0142owieka, Akademia Rolnicza im. A.<br \/>Cieszkowskiego w Poznaniu<\/p>\r\n\r\n\r\n\r\n<p><strong>1992<\/strong> magister technologii \u017cywno\u015bci i \u017cywienia, Akademia Rolnicza im. A. Cieszkowskiego<br \/>w Poznaniu<\/p>\r\n\r\n\r\n\r\n<h4><strong>Zainteresowania badawcze<\/strong><\/h4>\r\n\r\n\r\n\r\n<ul>\r\n<li>spos\u00f3b \u017cywienia, w tym wzory \u017cywieniowe os\u00f3b starszych i ich zwi\u0105zek z stanem od\u017cywienia, wska\u017anikami biochemicznymi i klinicznymi, sprawno\u015bci\u0105 funkcji motorycznych i poznawczych;<\/li>\r\n<li>wp\u0142yw stresu psychologicznego i fizjologicznego na spos\u00f3b \u017cywienia,<\/li>\r\n<li>wyst\u0119powanie nadmiernej masy cia\u0142a i poziom marker\u00f3w stanu zapalnego;<\/li>\r\n<li>ocena efektywno\u015bci dzia\u0142ania sk\u0142adnik\u00f3w bioaktywnych, przy ich zastosowaniu jako suplement\u00f3w diety lub dodatku do \u017cywno\u015bci w kontek\u015bcie wspomagania dietoterapii r\u00f3\u017cnych schorze\u0144 oraz w immuno\u017cywieniu os\u00f3b o wzmo\u017conym wysi\u0142ku fizycznym;<\/li>\r\n<li>ocena ryzyka odwodnienia w r\u00f3\u017cnych grupach populacyjnych i jego wp\u0142ywu na wska\u017aniki funkcjonalne, biochemiczne i kliniczne ustroju.<\/li>\r\n<\/ul>\r\n\r\n\r\n\r\n<h4><strong>Wybrane publikacje<\/strong><\/h4>\r\n\r\n\r\n\r\n<p>Jamka M., Wo\u017aniewicz M., Walkowiak J., Bogda\u0144ski P., Jeszka J., Stelmach-Mardas M. The effect of vitamin D supplementation on selected inflammatory biomarkers in obese and overweight subjects: a systematic review with meta-analysis. Eur J Nutr. 2015; (Epub ahead of print; DOI 10.1007\/s00394-015-1089-5).<br \/>Jamka M., Wo\u017aniewicz M., Jeszka J., Mardas M., Bogda\u0144ski P., Stelmach- Mardas M. The effect of vitamin D supplementation on insulin and glucose metabolism in overweight and obese individuals: systematic review with metaanalysis. Sci Rep. 2015; 5: 16142.<br \/>Bajerska J., Wo\u017aniewicz M., Suwalska A., Jeszka J. Eating patterns are associated with cognitive function in the elderly from rural areas at risk of metabolic syndrome. Eur Rev Med Pharmacol Sci. 2014; 18 (21): 3234-3245.<br \/>Morinaka T., Wo\u017aniewicz M., Jeszka J., Bajerska J., Nowaczyk P., Sone Y. Westernization of dietary patterns among young Japanese and Polish females \u2013 a comparison study. Ann Agr Env Med. 2013; 20 (1): 122-130.<br \/>Bajerska J., Wo\u017aniewicz M., Jeszka J., Drzyma\u0142a-Czy\u017c S., Walkowiak J. Green tea aqueous extract reduces visceral fat and decreases protein availability in rats fed with a high-fat diet. Nutr Res. 2011; 31 (2): 157-164.<\/p>\r\n","protected":false},"excerpt":{"rendered":"<p>Wykszta\u0142cenie 2014 doktor habilitowany nauk rolniczych, specjalno\u015b\u0107 \u017cywienie cz\u0142owieka, Uniwersytet Przyrodniczy w Poznaniu 2000 doktor nauk rolniczych, \u017cywienie cz\u0142owieka, Akademia Rolnicza im. A.Cieszkowskiego w Poznaniu 1992 magister technologii \u017cywno\u015bci i \u017cywienia, Akademia Rolnicza im. A. Cieszkowskiegow Poznaniu Zainteresowania badawcze spos\u00f3b&hellip;&nbsp;<a href=\"http:\/\/www1.up.poznan.pl\/kzcid\/malgorzata-wozniewicz-2\/\" class=\"more-link\">Czytaj dalej<\/a><\/p>\n","protected":false},"author":1,"featured_media":0,"parent":0,"menu_order":0,"comment_status":"closed","ping_status":"closed","template":"","meta":[],"_links":{"self":[{"href":"http:\/\/www1.up.poznan.pl\/kzcid\/wp-json\/wp\/v2\/pages\/829"}],"collection":[{"href":"http:\/\/www1.up.poznan.pl\/kzcid\/wp-json\/wp\/v2\/pages"}],"about":[{"href":"http:\/\/www1.up.poznan.pl\/kzcid\/wp-json\/wp\/v2\/types\/page"}],"author":[{"embeddable":true,"href":"http:\/\/www1.up.poznan.pl\/kzcid\/wp-json\/wp\/v2\/users\/1"}],"replies":[{"embeddable":true,"href":"http:\/\/www1.up.poznan.pl\/kzcid\/wp-json\/wp\/v2\/comments?post=829"}],"version-history":[{"count":7,"href":"http:\/\/www1.up.poznan.pl\/kzcid\/wp-json\/wp\/v2\/pages\/829\/revisions"}],"predecessor-version":[{"id":2510,"href":"http:\/\/www1.up.poznan.pl\/kzcid\/wp-json\/wp\/v2\/pages\/829\/revisions\/2510"}],"wp:attachment":[{"href":"http:\/\/www1.up.poznan.pl\/kzcid\/wp-json\/wp\/v2\/media?parent=829"}],"curies":[{"name":"wp","href":"https:\/\/api.w.org\/{rel}","templated":true}]}}