{"id":766,"date":"2020-06-22T22:03:10","date_gmt":"2020-06-22T20:03:10","guid":{"rendered":"http:\/\/www1.up.poznan.pl\/kzcid\/?page_id=766"},"modified":"2025-10-03T10:38:33","modified_gmt":"2025-10-03T08:38:33","slug":"joanna-mikolajczyk-stecyna","status":"publish","type":"page","link":"http:\/\/www1.up.poznan.pl\/kzcid\/joanna-mikolajczyk-stecyna\/","title":{"rendered":"Joanna Miko\u0142ajczyk-Stecyna"},"content":{"rendered":"\r\n<div class=\"wp-block-group\">\r\n<div class=\"wp-block-group__inner-container\">\r\n<div class=\"wp-block-image personal-foto\">\r\n<figure class=\"alignleft size-medium\"><a href=\"http:\/\/www1.up.poznan.pl\/kzcid\/wp-content\/uploads\/2020\/06\/Joanna-Stecyna.jpg\"><img loading=\"lazy\" width=\"244\" height=\"300\" class=\"wp-image-698\" src=\"http:\/\/www1.up.poznan.pl\/kzcid\/wp-content\/uploads\/2020\/06\/Joanna-Stecyna-244x300.jpg\" alt=\"\" srcset=\"http:\/\/www1.up.poznan.pl\/kzcid\/wp-content\/uploads\/2020\/06\/Joanna-Stecyna-244x300.jpg 244w, http:\/\/www1.up.poznan.pl\/kzcid\/wp-content\/uploads\/2020\/06\/Joanna-Stecyna-833x1024.jpg 833w, http:\/\/www1.up.poznan.pl\/kzcid\/wp-content\/uploads\/2020\/06\/Joanna-Stecyna-768x945.jpg 768w, http:\/\/www1.up.poznan.pl\/kzcid\/wp-content\/uploads\/2020\/06\/Joanna-Stecyna-1249x1536.jpg 1249w, http:\/\/www1.up.poznan.pl\/kzcid\/wp-content\/uploads\/2020\/06\/Joanna-Stecyna-220x270.jpg 220w, http:\/\/www1.up.poznan.pl\/kzcid\/wp-content\/uploads\/2020\/06\/Joanna-Stecyna.jpg 1665w\" sizes=\"(max-width: 244px) 100vw, 244px\" \/><\/a><\/figure>\r\n<\/div>\r\n\r\n\r\n\r\n<p><strong>Stopie\u0144\/tytu\u0142: <\/strong>dr n. med.<br \/><strong>Stanowisko:<\/strong> adiunkt<\/p>\r\n\r\n\r\n\r\n<p>&nbsp;<\/p>\r\n\r\n\r\n\r\n<p><strong>Pok\u00f3j:\u00a0<\/strong>230<br \/><strong>Telefon:<\/strong> 61-8487337<br \/><strong>E-mail:<\/strong>\u00a0<a href=\"mailto:joanna.stecyna@up.poznan.pl\">joanna.stecyna@up.poznan.pl<\/a><br \/><strong>Termin konsultacji: <\/strong>\u015broda<strong>\u00a0<\/strong>10:00-11:00<\/p>\r\n<\/div>\r\n<\/div>\r\n\r\n\r\n\r\n<h4>Wykszta\u0142cenie<\/h4>\r\n\r\n\r\n\r\n<p><strong>2012<\/strong> doktor nauk medycznych, biologia medyczna, Instytutu Genetyki Cz\u0142owieka PAN, Pozna\u0144<\/p>\r\n\r\n\r\n\r\n<p><strong>2005<\/strong> mgr in\u017c. Biotechnologii, Akademia Rolnicza im. A. Cieszkowskiego w Poznaniu<\/p>\r\n\r\n\r\n\r\n<h4><strong>Zainteresowania badawcze<\/strong><\/h4>\r\n\r\n\r\n\r\n<ul>\r\n<li>programowanie p\u0142odowe,<\/li>\r\n<li>laktacja,<\/li>\r\n<li>metabolizm glukozy i lipid\u00f3w,<\/li>\r\n<li>nutrigenetyka,<\/li>\r\n<li>nutrigenomika<\/li>\r\n<\/ul>\r\n\r\n\r\n\r\n<h4><strong>Wybrane publikacje<\/strong><\/h4>\r\n\r\n\r\n\r\n<p>Miko\u0142ajczyk-Stecyna J, Malinowska AM, Chmurzynska A.TAS2R38 and CA6 genetic polymorphisms, frequency of bitter food intake, and blood biomarkers among elderly woman. Appetite. 2017 Sep 1;116:57-64. doi: 10.1016\/j.appet.2017.04.029. Epub 2017 Apr 25.<br \/><br \/>Miko\u0142ajczyk-Stecyna J, Korcz A, Gabriel M, Pawlaczyk K, Oszkinis G, S\u0142omski R.Gene polymorphism -418 G\/C of tissue inhibitor of metalloproteinases 2 is associated with abdominal aortic aneurysm.J Vasc Surg. 2015 May;61(5):1114-9. doi: 10.1016\/j.jvs.2013.12.045. Epub 2014 Feb 15.<br \/><br \/>Miko\u0142ajczyk-Stecyna J, Korcz A, Gabriel M, Pawlaczyk K, Oszkinis G, S\u0142omski R.Risk factors in abdominal aortic aneurysm and in Polish population aortoiliac occlusive disease and differences between them [corrected].Sci Rep. 2013 Dec 18;3:3528. doi: 10.1038\/srep03528. Erratum in: Sci Rep. 2014;4():3771.<br \/><br \/>Hnatyszyn A, Wielgus K, Kaczmarek-Rys M, Skrzypczak-Zielinska M, Szalata M, Mikolajczyk-Stecyna J, Stanczyk J, Dziuba I, Mikstacki A, Slomski R.Interleukin-1 gene polymorphisms in chronic gastritis patients infected with Helicobacter pylori as risk factors of gastric cancer development.Arch Immunol Ther Exp (Warsz). 2013 Dec;61(6):503-12. doi: 10.1007\/s00005-013-0245-y. Epub 2013 Aug 31.<br \/><br \/>Korcz A, Miko\u0142ajczyk-Stecyna J, Gabriel M, Zowczak-Drabarczyk M, Pawlaczyk K, Kalafirov M, Oszkinis G, S\u0142omski R.Angiotensin-converting enzyme (ACE, I\/D) gene polymorphism and susceptibility to abdominal aortic aneurysm or aortoiliac occlusive disease.J Surg Res. 2009 May 1;153(1):76-82. doi: 10.1016\/j.jss.2008.03.021. Epub 2008 Apr 9.<\/p>\r\n","protected":false},"excerpt":{"rendered":"<p>Wykszta\u0142cenie 2012 doktor nauk medycznych, biologia medyczna, Instytutu Genetyki Cz\u0142owieka PAN, Pozna\u0144 2005 mgr in\u017c. Biotechnologii, Akademia Rolnicza im. A. Cieszkowskiego w Poznaniu Zainteresowania badawcze programowanie p\u0142odowe, laktacja, metabolizm glukozy i lipid\u00f3w, nutrigenetyka, nutrigenomika Wybrane publikacje Miko\u0142ajczyk-Stecyna J, Malinowska AM,&hellip;&nbsp;<a href=\"http:\/\/www1.up.poznan.pl\/kzcid\/joanna-mikolajczyk-stecyna\/\" class=\"more-link\">Czytaj dalej<\/a><\/p>\n","protected":false},"author":1,"featured_media":0,"parent":0,"menu_order":0,"comment_status":"closed","ping_status":"closed","template":"","meta":[],"_links":{"self":[{"href":"http:\/\/www1.up.poznan.pl\/kzcid\/wp-json\/wp\/v2\/pages\/766"}],"collection":[{"href":"http:\/\/www1.up.poznan.pl\/kzcid\/wp-json\/wp\/v2\/pages"}],"about":[{"href":"http:\/\/www1.up.poznan.pl\/kzcid\/wp-json\/wp\/v2\/types\/page"}],"author":[{"embeddable":true,"href":"http:\/\/www1.up.poznan.pl\/kzcid\/wp-json\/wp\/v2\/users\/1"}],"replies":[{"embeddable":true,"href":"http:\/\/www1.up.poznan.pl\/kzcid\/wp-json\/wp\/v2\/comments?post=766"}],"version-history":[{"count":6,"href":"http:\/\/www1.up.poznan.pl\/kzcid\/wp-json\/wp\/v2\/pages\/766\/revisions"}],"predecessor-version":[{"id":2482,"href":"http:\/\/www1.up.poznan.pl\/kzcid\/wp-json\/wp\/v2\/pages\/766\/revisions\/2482"}],"wp:attachment":[{"href":"http:\/\/www1.up.poznan.pl\/kzcid\/wp-json\/wp\/v2\/media?parent=766"}],"curies":[{"name":"wp","href":"https:\/\/api.w.org\/{rel}","templated":true}]}}

Joanna Mikołajczyk-Stecyna

<div class="wp-block-group">
<div class="wp-block-group__inner-container">
<div class="wp-block-image personal-foto">
<figure class="alignleft size-medium"><a href="http://www1.up.poznan.pl/kzcid/wp-content/uploads/2020/06/Joanna-Stecyna.jpg"><img loading="lazy" width="244" height="300" class="wp-image-698" src="http://www1.up.poznan.pl/kzcid/wp-content/uploads/2020/06/Joanna-Stecyna-244x300.jpg" alt="" srcset="http://www1.up.poznan.pl/kzcid/wp-content/uploads/2020/06/Joanna-Stecyna-244x300.jpg 244w, http://www1.up.poznan.pl/kzcid/wp-content/uploads/2020/06/Joanna-Stecyna-833x1024.jpg 833w, http://www1.up.poznan.pl/kzcid/wp-content/uploads/2020/06/Joanna-Stecyna-768x945.jpg 768w, http://www1.up.poznan.pl/kzcid/wp-content/uploads/2020/06/Joanna-Stecyna-1249x1536.jpg 1249w, http://www1.up.poznan.pl/kzcid/wp-content/uploads/2020/06/Joanna-Stecyna-220x270.jpg 220w, http://www1.up.poznan.pl/kzcid/wp-content/uploads/2020/06/Joanna-Stecyna.jpg 1665w" sizes="(max-width: 244px) 100vw, 244px" /></a></figure>
</div>



<p><strong>Stopień/tytuł: </strong>dr n. med.<br /><strong>Stanowisko:</strong> adiunkt</p>



<p>&nbsp;</p>



<p><strong>Pokój: </strong>230<br /><strong>Telefon:</strong> 61-8487337<br /><strong>E-mail:</strong> <a href="mailto:joanna.stecyna@up.poznan.pl">joanna.stecyna@up.poznan.pl</a><br /><strong>Termin konsultacji: </strong>środa<strong> </strong>10:00-11:00</p>
</div>
</div>



<h4>Wykształcenie</h4>



<p><strong>2012</strong> doktor nauk medycznych, biologia medyczna, Instytutu Genetyki Człowieka PAN, Poznań</p>



<p><strong>2005</strong> mgr inż. Biotechnologii, Akademia Rolnicza im. A. Cieszkowskiego w Poznaniu</p>



<h4><strong>Zainteresowania badawcze</strong></h4>



<ul>
<li>programowanie płodowe,</li>
<li>laktacja,</li>
<li>metabolizm glukozy i lipidów,</li>
<li>nutrigenetyka,</li>
<li>nutrigenomika</li>
</ul>



<h4><strong>Wybrane publikacje</strong></h4>



<p>Mikołajczyk-Stecyna J, Malinowska AM, Chmurzynska A.TAS2R38 and CA6 genetic polymorphisms, frequency of bitter food intake, and blood biomarkers among elderly woman. Appetite. 2017 Sep 1;116:57-64. doi: 10.1016/j.appet.2017.04.029. Epub 2017 Apr 25.<br /><br />Mikołajczyk-Stecyna J, Korcz A, Gabriel M, Pawlaczyk K, Oszkinis G, Słomski R.Gene polymorphism -418 G/C of tissue inhibitor of metalloproteinases 2 is associated with abdominal aortic aneurysm.J Vasc Surg. 2015 May;61(5):1114-9. doi: 10.1016/j.jvs.2013.12.045. Epub 2014 Feb 15.<br /><br />Mikołajczyk-Stecyna J, Korcz A, Gabriel M, Pawlaczyk K, Oszkinis G, Słomski R.Risk factors in abdominal aortic aneurysm and in Polish population aortoiliac occlusive disease and differences between them [corrected].Sci Rep. 2013 Dec 18;3:3528. doi: 10.1038/srep03528. Erratum in: Sci Rep. 2014;4():3771.<br /><br />Hnatyszyn A, Wielgus K, Kaczmarek-Rys M, Skrzypczak-Zielinska M, Szalata M, Mikolajczyk-Stecyna J, Stanczyk J, Dziuba I, Mikstacki A, Slomski R.Interleukin-1 gene polymorphisms in chronic gastritis patients infected with Helicobacter pylori as risk factors of gastric cancer development.Arch Immunol Ther Exp (Warsz). 2013 Dec;61(6):503-12. doi: 10.1007/s00005-013-0245-y. Epub 2013 Aug 31.<br /><br />Korcz A, Mikołajczyk-Stecyna J, Gabriel M, Zowczak-Drabarczyk M, Pawlaczyk K, Kalafirov M, Oszkinis G, Słomski R.Angiotensin-converting enzyme (ACE, I/D) gene polymorphism and susceptibility to abdominal aortic aneurysm or aortoiliac occlusive disease.J Surg Res. 2009 May 1;153(1):76-82. doi: 10.1016/j.jss.2008.03.021. Epub 2008 Apr 9.</p>

<p>Wykształcenie 2012 doktor nauk medycznych, biologia medyczna, Instytutu Genetyki Człowieka PAN, Poznań 2005 mgr inż. Biotechnologii, Akademia Rolnicza im. A. Cieszkowskiego w Poznaniu Zainteresowania badawcze programowanie płodowe, laktacja, metabolizm glukozy i lipidów, nutrigenetyka, nutrigenomika Wybrane publikacje Mikołajczyk-Stecyna J, Malinowska AM,&hellip;&nbsp;<a href="http://www1.up.poznan.pl/kzcid/joanna-mikolajczyk-stecyna/" class="more-link">Czytaj dalej</a></p>
