{"id":38,"date":"2017-03-29T20:54:00","date_gmt":"2017-03-29T18:54:00","guid":{"rendered":"http:\/\/www1.up.poznan.pl\/kntz\/?page_id=38"},"modified":"2017-04-05T15:54:29","modified_gmt":"2017-04-05T13:54:29","slug":"kontakt","status":"publish","type":"page","link":"http:\/\/www1.up.poznan.pl\/kntz\/kontakt\/","title":{"rendered":"Kontakt"},"content":{"rendered":"<table>\n<tbody>\n<tr>\n<th>\n<h2 style=\"text-align: center;\">Ko\u0142o Naukowe Technolog\u00f3w \u017bywno\u015bci<\/h2>\n<h4 style=\"text-align: center;\">Wojska Polskiego 31<br \/>\n60-624 Pozna\u0144<\/h4>\n<p style=\"text-align: center;\">pok\u00f3j 36.2<\/p>\n<\/th>\n<th><iframe loading=\"lazy\" style=\"border: 0;\" src=\"https:\/\/www.google.com\/maps\/embed?pb=!1m18!1m12!1m3!1d2432.934270842988!2d16.901239115114635!3d52.42598865094556!2m3!1f0!2f0!3f0!3m2!1i1024!2i768!4f13.1!3m3!1m2!1s0x470444a578286ef5%3A0x4a173680d1a17379!2sWydzia%C5%82+Nauk+o+%C5%BBywno%C5%9Bci+i+%C5%BBywieniu.+Uniwersytet+Przyrodniczy+w+Poznaniu!5e0!3m2!1spl!2spl!4v1490815258756\" width=\"300\" height=\"300\" frameborder=\"0\" allowfullscreen=\"allowfullscreen\"><\/iframe><\/p>\n<p style=\"text-align: center;\">\n<\/th>\n<\/tr>\n<\/tbody>\n<\/table>\n<h2 style=\"text-align: center;\"><strong>Napisz do nas!<\/strong><\/h2>\n<p style=\"text-align: center;\">\n<div class=\"wpcf7 no-js\" id=\"wpcf7-f255-o1\" lang=\"pl-PL\" dir=\"ltr\">\n<div class=\"screen-reader-response\"><p role=\"status\" aria-live=\"polite\" aria-atomic=\"true\"><\/p> <ul><\/ul><\/div>\n<form action=\"\/kntz\/wp-json\/wp\/v2\/pages\/38#wpcf7-f255-o1\" method=\"post\" class=\"wpcf7-form init\" aria-label=\"Formularz kontaktowy\" novalidate=\"novalidate\" data-status=\"init\">\n<div style=\"display: none;\">\n<input type=\"hidden\" name=\"_wpcf7\" value=\"255\" \/>\n<input type=\"hidden\" name=\"_wpcf7_version\" value=\"5.7.7\" \/>\n<input type=\"hidden\" name=\"_wpcf7_locale\" value=\"pl_PL\" \/>\n<input type=\"hidden\" name=\"_wpcf7_unit_tag\" value=\"wpcf7-f255-o1\" \/>\n<input type=\"hidden\" name=\"_wpcf7_container_post\" value=\"0\" \/>\n<input type=\"hidden\" name=\"_wpcf7_posted_data_hash\" value=\"\" \/>\n<\/div>\n<p><label> Imi\u0119 i nazwisko (wymagane)<br \/>\n<span class=\"wpcf7-form-control-wrap\" data-name=\"your-name\"><input size=\"40\" class=\"wpcf7-form-control wpcf7-text wpcf7-validates-as-required\" aria-required=\"true\" aria-invalid=\"false\" value=\"\" type=\"text\" name=\"your-name\" \/><\/span> <\/label>\n<\/p>\n<p><label> Adres email (wymagane)<br \/>\n<span class=\"wpcf7-form-control-wrap\" data-name=\"your-email\"><input size=\"40\" class=\"wpcf7-form-control wpcf7-text wpcf7-email wpcf7-validates-as-required wpcf7-validates-as-email\" aria-required=\"true\" aria-invalid=\"false\" value=\"\" type=\"email\" name=\"your-email\" \/><\/span> <\/label>\n<\/p>\n<p><label> Temat<br \/>\n<span class=\"wpcf7-form-control-wrap\" data-name=\"your-subject\"><input size=\"40\" class=\"wpcf7-form-control wpcf7-text\" aria-invalid=\"false\" value=\"\" type=\"text\" name=\"your-subject\" \/><\/span> <\/label>\n<\/p>\n<p><label> Tre\u015b\u0107 wiadomo\u015bci<br \/>\n<span class=\"wpcf7-form-control-wrap\" data-name=\"your-message\"><textarea cols=\"40\" rows=\"10\" class=\"wpcf7-form-control wpcf7-textarea\" aria-invalid=\"false\" name=\"your-message\"><\/textarea><\/span> <\/label>\n<\/p>\n<p><input class=\"wpcf7-form-control has-spinner wpcf7-submit\" type=\"submit\" value=\"Wy\u015blij\" \/>\n<\/p><div class=\"wpcf7-response-output\" aria-hidden=\"true\"><\/div>\n<\/form>\n<\/div>\n<\/p>\n","protected":false},"excerpt":{"rendered":"<p>Ko\u0142o Naukowe Technolog\u00f3w \u017bywno\u015bci Wojska Polskiego 31 60-624 Pozna\u0144 pok\u00f3j 36.2 Napisz do nas!<\/p>\n","protected":false},"author":1,"featured_media":0,"parent":0,"menu_order":0,"comment_status":"closed","ping_status":"closed","template":"","meta":[],"_links":{"self":[{"href":"http:\/\/www1.up.poznan.pl\/kntz\/wp-json\/wp\/v2\/pages\/38"}],"collection":[{"href":"http:\/\/www1.up.poznan.pl\/kntz\/wp-json\/wp\/v2\/pages"}],"about":[{"href":"http:\/\/www1.up.poznan.pl\/kntz\/wp-json\/wp\/v2\/types\/page"}],"author":[{"embeddable":true,"href":"http:\/\/www1.up.poznan.pl\/kntz\/wp-json\/wp\/v2\/users\/1"}],"replies":[{"embeddable":true,"href":"http:\/\/www1.up.poznan.pl\/kntz\/wp-json\/wp\/v2\/comments?post=38"}],"version-history":[{"count":11,"href":"http:\/\/www1.up.poznan.pl\/kntz\/wp-json\/wp\/v2\/pages\/38\/revisions"}],"predecessor-version":[{"id":254,"href":"http:\/\/www1.up.poznan.pl\/kntz\/wp-json\/wp\/v2\/pages\/38\/revisions\/254"}],"wp:attachment":[{"href":"http:\/\/www1.up.poznan.pl\/kntz\/wp-json\/wp\/v2\/media?parent=38"}],"curies":[{"name":"wp","href":"https:\/\/api.w.org\/{rel}","templated":true}]}}