{"id":236,"date":"2018-11-28T16:10:54","date_gmt":"2018-11-28T15:10:54","guid":{"rendered":"http:\/\/www1.up.poznan.pl\/kntz\/?page_id=236"},"modified":"2018-11-28T16:13:30","modified_gmt":"2018-11-28T15:13:30","slug":"polityka-cookies","status":"publish","type":"page","link":"http:\/\/www1.up.poznan.pl\/kntz\/polityka-cookies\/","title":{"rendered":"polityka cookies"},"content":{"rendered":"<p style=\"text-align: left;\"><span style=\"color: #000000;\"><span style=\"margin: 0px; font-family: 'Arial',sans-serif; font-size: 10pt;\">1.<span style=\"font: 7pt 'Times New Roman'; margin: 0px; font-size-adjust: none; font-stretch: normal;\">\u00a0\u00a0\u00a0\u00a0\u00a0 <\/span><\/span><span style=\"margin: 0px; font-family: 'Arial',sans-serif; font-size: 10pt;\">Serwis nie zbiera w spos\u00f3b automatyczny \u017cadnych informacji, z wyj\u0105tkiem informacji zawartych w plikach cookies.<\/span><\/span><\/p>\n<p style=\"text-align: left;\"><span style=\"color: #000000;\"><span style=\"margin: 0px; font-family: 'Arial',sans-serif; font-size: 10pt;\">2.<span style=\"font: 7pt 'Times New Roman'; margin: 0px; font-size-adjust: none; font-stretch: normal;\">\u00a0\u00a0\u00a0\u00a0\u00a0 <\/span><\/span><span style=\"margin: 0px; font-family: 'Arial',sans-serif; font-size: 10pt;\">Pliki cookies (tzw. \u201eciasteczka\u201d) stanowi\u0105 dane informatyczne, w szczeg\u00f3lno\u015bci pliki tekstowe, kt\u00f3re przechowywane s\u0105 w urz\u0105dzeniu ko\u0144cowym U\u017cytkownika Serwisu i przeznaczone s\u0105 do korzystania ze stron internetowych Serwisu. Cookies zazwyczaj zawieraj\u0105 nazw\u0119 strony internetowej, z kt\u00f3rej pochodz\u0105, czas przechowywania ich na urz\u0105dzeniu ko\u0144cowym oraz unikalny numer.<\/span><\/span><\/p>\n<p style=\"text-align: left;\"><span style=\"color: #000000;\"><span style=\"margin: 0px; font-family: 'Arial',sans-serif; font-size: 10pt;\">3.<span style=\"font: 7pt 'Times New Roman'; margin: 0px; font-size-adjust: none; font-stretch: normal;\">\u00a0\u00a0\u00a0\u00a0\u00a0 <\/span><\/span><span style=\"margin: 0px; font-family: 'Arial',sans-serif; font-size: 10pt;\">Podmiotem zamieszczaj\u0105cym na urz\u0105dzeniu ko\u0144cowym U\u017cytkownika Serwisu pliki cookies oraz uzyskuj\u0105cym do nich dost\u0119p jest operator Serwisu <\/span><strong><span style=\"margin: 0px; font-family: 'Arial',sans-serif; font-size: 10pt; font-weight: normal;\">Ko\u0142o Naukowe Technolog\u00f3w \u017bywno\u015bci<\/span><\/strong> <span style=\"margin: 0px; font-family: 'Arial',sans-serif; font-size: 10pt;\">z siedzib\u0105 pod adresem <\/span><span style=\"margin: 0px; font-family: 'Arial',sans-serif; font-size: 10pt;\">Wojska Polskiego 31 60-624 Pozna\u0144<\/span><\/span><\/p>\n<p style=\"text-align: left;\"><span style=\"color: #000000;\"><span style=\"margin: 0px; font-family: 'Arial',sans-serif; font-size: 10pt;\">4.<span style=\"font: 7pt 'Times New Roman'; margin: 0px; font-size-adjust: none; font-stretch: normal;\">\u00a0\u00a0\u00a0\u00a0\u00a0 <\/span><\/span><span style=\"margin: 0px; font-family: 'Arial',sans-serif; font-size: 10pt;\">Pliki cookies wykorzystywane s\u0105 w celu: <\/span><\/span><\/p>\n<p style=\"text-align: left;\"><span style=\"margin: 0px; font-family: 'Arial',sans-serif; font-size: 10pt;\"><span style=\"color: #000000;\">a)\u00a0\u00a0\u00a0\u00a0\u00a0 dostosowania zawarto\u015bci stron internetowych Serwisu do preferencji U\u017cytkownika oraz optymalizacji korzystania ze stron internetowych; w szczeg\u00f3lno\u015bci pliki te pozwalaj\u0105 rozpozna\u0107 urz\u0105dzenie U\u017cytkownika Serwisu i odpowiednio wy\u015bwietli\u0107 stron\u0119 internetow\u0105, dostosowan\u0105 do jego indywidualnych potrzeb;<\/span><\/span><\/p>\n<p style=\"text-align: left;\"><span style=\"margin: 0px; font-family: 'Arial',sans-serif; font-size: 10pt;\"><span style=\"color: #000000;\">b)\u00a0\u00a0\u00a0\u00a0\u00a0 tworzenia statystyk, kt\u00f3re pomagaj\u0105 zrozumie\u0107, w jaki spos\u00f3b U\u017cytkownicy Serwisu korzystaj\u0105 ze stron internetowych, co umo\u017cliwia ulepszanie ich struktury i zawarto\u015bci;<\/span><\/span><\/p>\n<p style=\"text-align: left;\"><span style=\"color: #000000;\"><span style=\"margin: 0px; font-family: 'Arial',sans-serif; font-size: 10pt;\">5.<span style=\"font: 7pt 'Times New Roman'; margin: 0px; font-size-adjust: none; font-stretch: normal;\">\u00a0\u00a0\u00a0\u00a0\u00a0 <\/span><\/span><span style=\"margin: 0px; font-family: 'Arial',sans-serif; font-size: 10pt;\">W ramach Serwisu stosowane s\u0105 dwa zasadnicze rodzaje plik\u00f3w cookies: \u201esesyjne\u201d \u00a0(<i>session cookies<\/i>) oraz \u201esta\u0142e\u201d (<i>persistent cookies<\/i>). Cookies \u201esesyjne\u201d s\u0105 plikami tymczasowymi, kt\u00f3re przechowywane s\u0105 w urz\u0105dzeniu ko\u0144cowym U\u017cytkownika do czasu wylogowania, opuszczenia strony internetowej lub wy\u0142\u0105czenia oprogramowania (przegl\u0105darki internetowej). \u201eSta\u0142e\u201d pliki cookies przechowywane s\u0105 w urz\u0105dzeniu ko\u0144cowym U\u017cytkownika przez czas okre\u015blony w parametrach plik\u00f3w cookies lub do czasu ich usuni\u0119cia przez U\u017cytkownika.<\/span><\/span><\/p>\n<p style=\"text-align: left;\"><span style=\"color: #000000;\"><span style=\"margin: 0px; font-family: 'Arial',sans-serif; font-size: 10pt;\">6.<span style=\"font: 7pt 'Times New Roman'; margin: 0px; font-size-adjust: none; font-stretch: normal;\">\u00a0\u00a0\u00a0\u00a0\u00a0 <\/span><\/span><span style=\"margin: 0px; font-family: 'Arial',sans-serif; font-size: 10pt;\">W ramach Serwisu stosowane s\u0105 nast\u0119puj\u0105ce rodzaje plik\u00f3w cookies:<\/span><\/span><\/p>\n<p style=\"text-align: left;\"><span style=\"margin: 0px; font-family: 'Arial',sans-serif; font-size: 10pt;\"><span style=\"color: #000000;\">a)\u00a0\u00a0\u00a0\u00a0\u00a0 \u201eniezb\u0119dne\u201d pliki cookies, umo\u017cliwiaj\u0105ce korzystanie z us\u0142ug dost\u0119pnych w ramach Serwisu, np. uwierzytelniaj\u0105ce pliki cookies wykorzystywane do us\u0142ug wymagaj\u0105cych uwierzytelniania w ramach Serwisu;<\/span><\/span><\/p>\n<p style=\"text-align: left;\"><span style=\"margin: 0px; font-family: 'Arial',sans-serif; font-size: 10pt;\"><span style=\"color: #000000;\">b)\u00a0\u00a0\u00a0\u00a0\u00a0 pliki cookies s\u0142u\u017c\u0105ce do zapewnienia bezpiecze\u0144stwa, np. wykorzystywane do wykrywania nadu\u017cy\u0107 w zakresie uwierzytelniania w ramach Serwisu;<\/span><\/span><\/p>\n<p style=\"text-align: left;\"><span style=\"margin: 0px; font-family: 'Arial',sans-serif; font-size: 10pt;\"><span style=\"color: #000000;\">c)\u00a0\u00a0\u00a0\u00a0\u00a0\u00a0 \u201ewydajno\u015bciowe\u201d pliki cookies, umo\u017cliwiaj\u0105ce zbieranie informacji o sposobie korzystania ze stron internetowych Serwisu;<\/span><\/span><\/p>\n<p style=\"text-align: left;\"><span style=\"margin: 0px; font-family: 'Arial',sans-serif; font-size: 10pt;\"><span style=\"color: #000000;\">d)\u00a0\u00a0\u00a0\u00a0\u00a0 \u201efunkcjonalne\u201d pliki cookies, umo\u017cliwiaj\u0105ce \u201ezapami\u0119tanie\u201d wybranych przez U\u017cytkownika ustawie\u0144 i personalizacj\u0119 interfejsu U\u017cytkownika, np. w zakresie wybranego j\u0119zyka lub regionu, z kt\u00f3rego pochodzi U\u017cytkownik, rozmiaru czcionki, wygl\u0105du strony internetowej itp.;<\/span><\/span><\/p>\n<p style=\"text-align: left;\"><span style=\"color: #000000;\"><span style=\"margin: 0px; font-family: 'Arial',sans-serif; font-size: 10pt;\">7.<span style=\"font: 7pt 'Times New Roman'; margin: 0px; font-size-adjust: none; font-stretch: normal;\">\u00a0\u00a0\u00a0\u00a0\u00a0 <\/span><\/span><span style=\"margin: 0px; font-family: 'Arial',sans-serif; font-size: 10pt;\">W wielu przypadkach oprogramowanie s\u0142u\u017c\u0105ce do przegl\u0105dania stron internetowych (przegl\u0105darka internetowa) domy\u015blnie dopuszcza przechowywanie plik\u00f3w cookies w urz\u0105dzeniu ko\u0144cowym U\u017cytkownika. U\u017cytkownicy Serwisu mog\u0105 dokona\u0107 w ka\u017cdym czasie zmiany ustawie\u0144 dotycz\u0105cych plik\u00f3w cookies. Ustawienia te mog\u0105 zosta\u0107 zmienione w szczeg\u00f3lno\u015bci w taki spos\u00f3b, aby blokowa\u0107 automatyczn\u0105 obs\u0142ug\u0119 plik\u00f3w cookies w ustawieniach przegl\u0105darki internetowej b\u0105d\u017a informowa\u0107 o ich ka\u017cdorazowym zamieszczeniu w urz\u0105dzeniu U\u017cytkownika Serwisu. Szczeg\u00f3\u0142owe informacje o mo\u017cliwo\u015bci i sposobach obs\u0142ugi plik\u00f3w cookies dost\u0119pne s\u0105 w ustawieniach oprogramowania (przegl\u0105darki internetowej).<\/span><\/span><\/p>\n<p style=\"text-align: left;\"><span style=\"color: #000000;\"><span style=\"margin: 0px; font-family: 'Arial',sans-serif; font-size: 10pt;\">8.<span style=\"font: 7pt 'Times New Roman'; margin: 0px; font-size-adjust: none; font-stretch: normal;\">\u00a0\u00a0\u00a0\u00a0\u00a0 <\/span><\/span><span style=\"margin: 0px; font-family: 'Arial',sans-serif; font-size: 10pt;\">Operator Serwisu informuje, \u017ce ograniczenia stosowania plik\u00f3w cookies mog\u0105 wp\u0142yn\u0105\u0107 na niekt\u00f3re funkcjonalno\u015bci dost\u0119pne na stronach internetowych Serwisu.<\/span><\/span><\/p>\n<p style=\"text-align: left;\"><span style=\"color: #000000;\"><span style=\"margin: 0px; font-family: 'Arial',sans-serif; font-size: 10pt;\">9.<span style=\"font: 7pt 'Times New Roman'; margin: 0px; font-size-adjust: none; font-stretch: normal;\">\u00a0\u00a0\u00a0\u00a0\u00a0 <\/span><\/span><span style=\"margin: 0px; font-family: 'Arial',sans-serif; font-size: 10pt;\">Pliki cookies zamieszczane w urz\u0105dzeniu ko\u0144cowym U\u017cytkownika Serwisu i wykorzystywane mog\u0105 by\u0107 r\u00f3wnie\u017c przez wsp\u00f3\u0142pracuj\u0105cych z operatorem Serwisu reklamodawc\u00f3w oraz partner\u00f3w.<\/span><\/span><\/p>\n<p style=\"text-align: left;\"><span style=\"color: #000000;\"><span style=\"margin: 0px; font-family: 'Arial',sans-serif; font-size: 10pt;\">10.<span style=\"font: 7pt 'Times New Roman'; margin: 0px; font-size-adjust: none; font-stretch: normal;\">\u00a0\u00a0 <\/span><\/span><span style=\"margin: 0px; font-family: 'Arial',sans-serif; font-size: 10pt;\">Wi\u0119cej informacji na temat plik\u00f3w cookies dost\u0119pnych jest pod adresem mailowym <\/span><\/span><span style=\"margin: 0px; font-family: 'Arial',sans-serif; font-size: 10pt;\"><a>kntz@up.poznan.pl<\/a><\/span><span style=\"margin: 0px; font-family: 'Arial',sans-serif; font-size: 10pt;\"><span style=\"color: #000000;\">.<\/span><\/span><\/p>\n<p style=\"text-align: left;\"><span style=\"margin: 0px; font-family: 'Arial',sans-serif; font-size: 10pt;\"><span style=\"color: #000000;\">\u00a0<\/span><\/span><\/p>\n<p style=\"text-align: left;\"><span style=\"color: #000000;\"><span style=\"margin: 0px; font-family: 'Arial',sans-serif; font-size: 10pt;\">Powy\u017cszy tekst jest chroniony prawami autorskimi, kt\u00f3re przys\u0142uguj\u0105: <\/span><span style=\"margin: 0px; font-family: 'Arial',sans-serif; font-size: 10pt;\">IAB Polska<\/span><\/span><\/p>\n<p style=\"text-align: left;\"><span style=\"margin: 0px; line-height: 107%; font-family: 'Arial',sans-serif; font-size: 10pt;\"><span style=\"color: #000000;\">\u017ar\u00f3d\u0142o informacji: \u00a0http:\/\/wszystkoociasteczkach.pl\/.<\/span><\/span><\/p>\n","protected":false},"excerpt":{"rendered":"<p>1.\u00a0\u00a0\u00a0\u00a0\u00a0 Serwis nie zbiera w spos\u00f3b automatyczny \u017cadnych informacji, z wyj\u0105tkiem informacji zawartych w plikach cookies. 2.\u00a0\u00a0\u00a0\u00a0\u00a0 Pliki cookies (tzw. \u201eciasteczka\u201d) stanowi\u0105 dane informatyczne, w szczeg\u00f3lno\u015bci pliki tekstowe, kt\u00f3re przechowywane [&hellip;]<\/p>\n","protected":false},"author":6,"featured_media":0,"parent":0,"menu_order":0,"comment_status":"closed","ping_status":"closed","template":"","meta":[],"_links":{"self":[{"href":"http:\/\/www1.up.poznan.pl\/kntz\/wp-json\/wp\/v2\/pages\/236"}],"collection":[{"href":"http:\/\/www1.up.poznan.pl\/kntz\/wp-json\/wp\/v2\/pages"}],"about":[{"href":"http:\/\/www1.up.poznan.pl\/kntz\/wp-json\/wp\/v2\/types\/page"}],"author":[{"embeddable":true,"href":"http:\/\/www1.up.poznan.pl\/kntz\/wp-json\/wp\/v2\/users\/6"}],"replies":[{"embeddable":true,"href":"http:\/\/www1.up.poznan.pl\/kntz\/wp-json\/wp\/v2\/comments?post=236"}],"version-history":[{"count":3,"href":"http:\/\/www1.up.poznan.pl\/kntz\/wp-json\/wp\/v2\/pages\/236\/revisions"}],"predecessor-version":[{"id":240,"href":"http:\/\/www1.up.poznan.pl\/kntz\/wp-json\/wp\/v2\/pages\/236\/revisions\/240"}],"wp:attachment":[{"href":"http:\/\/www1.up.poznan.pl\/kntz\/wp-json\/wp\/v2\/media?parent=236"}],"curies":[{"name":"wp","href":"https:\/\/api.w.org\/{rel}","templated":true}]}}