{"id":23,"date":"2017-03-29T20:39:46","date_gmt":"2017-03-29T18:39:46","guid":{"rendered":"http:\/\/www1.up.poznan.pl\/kntz\/?page_id=23"},"modified":"2021-06-24T18:03:44","modified_gmt":"2021-06-24T16:03:44","slug":"zarzad","status":"publish","type":"page","link":"http:\/\/www1.up.poznan.pl\/kntz\/zarzad\/","title":{"rendered":"Zarz\u0105d"},"content":{"rendered":"<h2 style=\"text-align: center;\">Prezes<\/h2>\n<h1 style=\"text-align: center;\">in\u017c. Patrycja Jankowska<\/h1>\n<h3 style=\"text-align: center;\">Wiceprezes<\/h3>\n<h1 style=\"text-align: center;\">Katarzyna Olszewska<\/h1>\n<h3 style=\"text-align: center;\">Skarbnik<\/h3>\n<h1 style=\"text-align: center;\">in\u017c. Agata Oso\u015b<\/h1>\n","protected":false},"excerpt":{"rendered":"<p>Prezes in\u017c. Patrycja Jankowska Wiceprezes Katarzyna Olszewska Skarbnik in\u017c. Agata Oso\u015b<\/p>\n","protected":false},"author":1,"featured_media":0,"parent":0,"menu_order":0,"comment_status":"closed","ping_status":"closed","template":"","meta":[],"_links":{"self":[{"href":"http:\/\/www1.up.poznan.pl\/kntz\/wp-json\/wp\/v2\/pages\/23"}],"collection":[{"href":"http:\/\/www1.up.poznan.pl\/kntz\/wp-json\/wp\/v2\/pages"}],"about":[{"href":"http:\/\/www1.up.poznan.pl\/kntz\/wp-json\/wp\/v2\/types\/page"}],"author":[{"embeddable":true,"href":"http:\/\/www1.up.poznan.pl\/kntz\/wp-json\/wp\/v2\/users\/1"}],"replies":[{"embeddable":true,"href":"http:\/\/www1.up.poznan.pl\/kntz\/wp-json\/wp\/v2\/comments?post=23"}],"version-history":[{"count":10,"href":"http:\/\/www1.up.poznan.pl\/kntz\/wp-json\/wp\/v2\/pages\/23\/revisions"}],"predecessor-version":[{"id":450,"href":"http:\/\/www1.up.poznan.pl\/kntz\/wp-json\/wp\/v2\/pages\/23\/revisions\/450"}],"wp:attachment":[{"href":"http:\/\/www1.up.poznan.pl\/kntz\/wp-json\/wp\/v2\/media?parent=23"}],"curies":[{"name":"wp","href":"https:\/\/api.w.org\/{rel}","templated":true}]}}

Zarząd

<h2 style="text-align: center;">Prezes</h2>
<h1 style="text-align: center;">inż. Patrycja Jankowska</h1>
<h3 style="text-align: center;">Wiceprezes</h3>
<h1 style="text-align: center;">Katarzyna Olszewska</h1>
<h3 style="text-align: center;">Skarbnik</h3>
<h1 style="text-align: center;">inż. Agata Osoś</h1>

<p>Prezes inż. Patrycja Jankowska Wiceprezes Katarzyna Olszewska Skarbnik inż. Agata Osoś</p>
