{"id":375,"date":"2018-12-29T21:42:48","date_gmt":"2018-12-29T20:42:48","guid":{"rendered":"http:\/\/www1.up.poznan.pl\/agrifoodlogistics\/?page_id=375"},"modified":"2021-03-03T13:15:29","modified_gmt":"2021-03-03T12:15:29","slug":"jard","status":"publish","type":"page","link":"http:\/\/www1.up.poznan.pl\/agrifoodlogistics\/publikacja\/jard\/","title":{"rendered":"JARD"},"content":{"rendered":"<h2><b>Journal of Agribusiness and Rural Development: <\/b><\/h2>\n<h3><a href=\"http:\/\/www.jard.edu.pl\">http:\/\/www.jard.edu.pl<\/a><b><\/b><\/h3>\n<p>&nbsp;<\/p>\n<p><b>SPRAWDZENIE TEKSTU PRZED WYS\u0141ANIEM<\/b><\/p>\n<p>Autorzy proszeni s\u0105 o sprawdzenie czy tekst spe\u0142nia poni\u017csze kryteria. Teksty, kt\u00f3re nie spe\u0142niaj\u0105 wymaga\u0144 redakcyjnych mog\u0105 zosta\u0107 odrzucone.<\/p>\n<ul>\n<li>\u00a0Tekst nie by\u0142 dot\u0105d nigdzie opublikowany ani nie jest przedmiotem post\u0119powania w innym czasopi\u015bmie.<\/li>\n<li>\u00a0Tekst zapisany w formacie OpenOffice, Microsoft Word, RTF lub WordPerfect.<\/li>\n<li>\u00a0Je\u017celi jest dost\u0119pny nale\u017cy dostarczy\u0107 URL dla pozycji bibliograficznych.<\/li>\n<\/ul>\n<p><b>WYTYCZNE DLA AUTOR\u00d3W: \u00a0\u00a0<\/b>http:\/\/www1.up.poznan.pl\/jard\/index.php\/jard\/about\/submissions<\/p>\n<p><a href=\"http:\/\/www1.up.poznan.pl\/jard\/pliki\/autor.pdf\"><b>Pobierz przewodnik deponowania artyku\u0142u<\/b><\/a>: \u00a0\u00a0http:\/\/www1.up.poznan.pl\/jard\/pliki\/autor.pdf<\/p>\n<ol>\n<li><b> Wskaz\u00f3wki dla autor\u00f3w<\/b><br \/>\nNa \u0142amach Journal of Agribusiness and Rural Development zamieszczane s\u0105 oryginalne prace naukowe w j\u0119zyku angielskim.<br \/>\nRedakcja kwartalnika Journal of Agribusiness and Rural Development prowadzi polityk\u0119 przeciwdzia\u0142ania przypadkom ghostwriting oraz guest autorship.<\/li>\n<\/ol>\n<p><b>O\u015bwiadczenie 1<\/b><\/p>\n[PL] <a href=\"http:\/\/www1.up.poznan.pl\/jard\/pliki\/oswiadczenie.pdf\">http:\/\/www1.up.poznan.pl\/jard\/pliki\/oswiadczenie.pdf<\/a><\/p>\n[EN] <a href=\"http:\/\/www1.up.poznan.pl\/jard\/pliki\/statement.pdf\">http:\/\/www1.up.poznan.pl\/jard\/pliki\/statement.pdf<\/a><\/p>\n<p><a href=\"about:blank\"><b>O\u015bwiadczenie 2 \u00a0\u00a0\u00a0<\/b>http:\/\/www1.up.poznan.pl\/jard\/index.php\/jard\/about\/submissions (do pobrania Word)<\/a><\/p>\n<p><b>2. Wymogi og\u00f3lne i techniczne przygotowanie prac<\/b><\/p>\n<ul>\n<li>Obj\u0119to\u015b\u0107 artyku\u0142u, \u0142\u0105cznie z rysunkami i tabelami, nie powinna przekracza\u0107\u00a012 stron\u00a0maszynopisu w formacie A-4.<\/li>\n<li>Tekst nale\u017cy pisa\u0107 czcionk\u0105 typu\u00a0Times New Roman 12 pkt.\u00a0z interlini\u0105 \u2013 1,5. Dopuszcza si\u0119 stosowanie wyr\u00f3\u017cnie\u0144, np. kursywy i pogrubienia tekstu, ale bez podkre\u015blania liter, wyraz\u00f3w i zda\u0144.<\/li>\n<li>Rysunki, fotografie,\u00a0schematy (w odcieniach szaro\u015bci) i tabele\u00a0nale\u017cy numerowa\u0107 kolejno. Wielko\u015b\u0107 rysunku nie mo\u017ce przekracza\u0107\u00a0formatu B5\u00a0(12,5 \u00d7 19,5 cm). Rysunki i tabele mo\u017cna umieszcza\u0107 blisko ich powo\u0142ania w tek\u015bcie podstawowym.<\/li>\n<\/ul>\n<ol start=\"3\">\n<li><b> Uk\u0142ad artyku\u0142u<\/b><\/li>\n<\/ol>\n<ul>\n<li><b>Tytu\u0142 artyku\u0142u\u00a0<\/b><\/li>\n<li><b>Imi\u0119 i nazwisko autora\u00a0<\/b>(autor\u00f3w)<\/li>\n<li><b>Nazwa jednostki naukowej\u00a0<\/b>(afiliacja)<\/li>\n<li><b>Abstrakt\u00a0(do\u00a0200 wyraz\u00f3w)<\/b>\u00a0\u2013 stosowany jest abstrakt strukturyzowany. Znajduj\u0105 si\u0119 w nim odniesienia do wszystkich\u00a0cz\u0119\u015bci artyku\u0142u, tj. kolejno do wst\u0119pu, zastosowanych w artykule materia\u0142\u00f3w i metod badawczych oraz najwa\u017cniejszych wynik\u00f3w bada\u0144 i wniosk\u00f3w.<\/li>\n<li><b>S\u0142owa kluczowe<\/b>\u00a0(maksymalnie 6)<\/li>\n<li><b>Tekst g\u0142\u00f3wny \u2013<\/b>\u00a0Wst\u0119p, Materia\u0142y i metody, Wyniki, Dyskusja, Konkluzje, Odwo\u0142ania do literatury, tabele i wykresy<\/li>\n<\/ul>\n<p>Na ko\u0144cu tekstu powinna zosta\u0107 zawarta informacja o \u017ar\u00f3dle finansowania artyku\u0142u oraz podzi\u0119kowania (je\u015bli dotyczy).<br \/>\nWszystkie w\u0105tpliwo\u015bci dotycz\u0105ce formatowania powinny by\u0107 rozwi\u0105zywane zgodnie z systemem APA Wszystkie w\u0105tpliwo\u015bci dotycz\u0105ce formatowania powinny by\u0107 rozwi\u0105zywane zgodnie z systemem APA<\/p>\n<p>(APA system and the scientific style and format. The CBE manual for authors, editors, and publishers) [1994, Cambridge Univ. Press].<\/p>\n<p><b>4. Literatura<\/b><br \/>\nPowo\u0142uj\u0105c si\u0119 w tek\u015bcie artyku\u0142u na publikacje innych autor\u00f3w, nale\u017cy podawa\u0107 w nawiasie nazwisko i rok w uk\u0142adzie chronologicznym (Kowalski 2005, Nowak 2007) lub \u2026 zdaniem Kowalskiego (2005).<\/p>\n<p>Wykaz literatury nale\u017cy zestawi\u0107 w porz\u0105dku alfabetycznym stosuj\u0105c standardy APA (http:\/\/www.apastyle.org)<\/p>\n<p><b>Ksi\u0105\u017cka<\/b><br \/>\nAleksejeva, L. (2014). Latvijas augstakas izglitibas sistemas efektivitates izpete [Efficiency of the Higher Education System of Latvia]. GlobeEdit, [in Latvian].<br \/>\nFinney, J. (1970). Time and again. New York, NY: Simon and Schuster.<\/p>\n<p><b>Publikacja zwarta<\/b><br \/>\nFranks, A. (Ed.). (2005). Margaret Sanger&#8217;s eugenic legacy: The control of female fertility. Jefferson, NC: McFarland &amp; Company.<\/p>\n<p><b>Rozdzia\u0142 w pracy zbiorowej<\/b><br \/>\nLawrence, J. A., Dodds, A. E. (2003). Goal-directed activities and life-span development. In J. Valsiner, K. Connolly (Eds.), Handbook of developmental psychology (pp. 517\u2013533). London, England: Sage Publications.<\/p>\n<p><b>Artyku\u0142 w czasopi\u015bmie<\/b><br \/>\nNevin, A. (1990). The changing of teacher education special education. TESE, 13(3-4), 147-148.<br \/>\nPiz\u0142o, A., Jankowska, D. (2001). Trwa\u0142o\u015b\u0107 barwnika dzikiego bzu czarnego w w\u00f3dkach [Stability of wild elderberry pigment in vodkas]. Przem. Ferm. Owoc.-Warzyw., 45(1), 16\u201318 [in Polish].<\/p>\n<p><b>Materia\u0142 ze strony internetowej<\/b><br \/>\nFreakonomics (2010). E-ZPass is a life-saver (literally) [Blog post]. Retrieved October 29, 2010, from: http:\/\/freakonomics.blogs.nytimes.com\/2010\/10\/29\/e-zpass-is-a-life-saver-literally\/<\/p>\n<p><b>Gdy autor nie jest znany:<\/b><br \/>\nAll 33 Chile miners freed in flawless rescue (2010). Retrieved October 29, 2010, from: http:\/\/www.nbcnews.com\/id\/39625809\/ns\/world_news-americas\/<\/p>\n<p><b>Akt prawny<\/b><br \/>\nPrivate Education Act, Rev. ed. Cap 247A (2011).<\/p>\n<p><b>Uwaga.<\/b>\u00a0Wszystkie tytu\u0142y musz\u0105 by\u0107 oryginalne (np. w j\u0119zyku polskim, \u0142otewskim) i przet\u0142umaczone na j\u0119zyk angielski.<br \/>\nNumer DOI (cyfrowy identyfikator obiektu) jest wymagany dla wszystkich referencji (je\u015bli istnieje).<\/p>\n<p><a href=\"http:\/\/www1.up.poznan.pl\/jard\/pliki\/example.docx\"><b>Przyk\u0142ad<\/b><\/a><b>: \u00a0\u00a0\u00a0<\/b>http:\/\/www1.up.poznan.pl\/jard\/index.php\/jard\/about\/submissions<\/p>\n<p>&nbsp;<\/p>\n<p>&nbsp;<\/p>\n<p><b>Przesy\u0142anie artyku\u0142\u00f3w: \u00a0<\/b><\/p>\n<p>Zg\u0142aszane artyku\u0142y prosimy przesy\u0142a\u0107\u00a0drog\u0105 elektroniczn\u0105\u00a0na adres:<\/p>\n<p><b>ifal@up.poznan.pl<\/b><\/p>\n<p>&nbsp;<\/p>\n<p>lub drog\u0105 listown\u0105\u00a0na adres:<\/p>\n<p>&nbsp;<\/p>\n<p>Katedra Prawa i Organizacji Przedsi\u0119biorstw w Agrobiznesie<br \/>\nUniwersytet Przyrodniczy w Poznaniu<br \/>\nul. Wojska Polskiego 28<br \/>\n60-637 Pozna\u0144<\/p>\n<p>z dopiskiem na kopercie \u201eJARD\u201d<br \/>\nwraz z wype\u0142nionym i podpisanym o\u015bwiadczeniem autora o oryginalno\u015bci przesy\u0142anego artyku\u0142u.<\/p>\n<p>&nbsp;<\/p>\n<p><b>Op\u0142ata za publikacj\u0119: \u00a0<\/b><\/p>\n<p>Op\u0142ata za publikacj\u0119 pracy naukowej w czasopi\u015bmie JARD wynosi 400 PLN + VAT (23%)<\/p>\n<p><span style=\"color: #ff0000;\"><b>Uwaga, op\u0142ata za publikacj\u0119 nie jest uj\u0119ta w op\u0142acie konferencyjnej!<\/b><\/span><\/p>\n<p>&nbsp;<\/p>\n<p><b>Termin <\/b>nades\u0142ania artyku\u0142u oraz wniesienia op\u0142aty up\u0142ywa <b>15.07.2021<\/b>.<\/p>\n<p>Konto:<\/p>\n<p><b>Uniwersytet Przyrodniczy w Poznaniu<\/b><\/p>\n<p><b>Wojska Polskiego 28<\/b><\/p>\n<p><b>60-637 Pozna\u0144<\/b><\/p>\n<p><strong>Nr rachunku: 29 1090 1362 0000 0000 3601 7894<\/strong><b><\/b><\/p>\n<p>Z koniecznym dopiskiem:\u00a0<strong>Imi\u0119 i Nazwisko, Agri-Food Logistics Forum, subkonto:<\/strong><br \/>\n<strong>293.01.509, op\u0142ata za publikacj\u0119 w JARD<\/strong><\/p>\n<p>&nbsp;<\/p>\n<p>&nbsp;<\/p>\n","protected":false},"excerpt":{"rendered":"<p>Journal of Agribusiness and Rural Development: http:\/\/www.jard.edu.pl &nbsp; SPRAWDZENIE TEKSTU PRZED WYS\u0141ANIEM Autorzy proszeni s\u0105 o sprawdzenie czy tekst spe\u0142nia poni\u017csze kryteria. Teksty, kt\u00f3re nie spe\u0142niaj\u0105 wymaga\u0144 redakcyjnych mog\u0105 zosta\u0107 odrzucone. \u00a0Tekst nie by\u0142 dot\u0105d nigdzie opublikowany ani nie jest przedmiotem post\u0119powania w innym czasopi\u015bmie. \u00a0Tekst zapisany w formacie OpenOffice, Microsoft Word, RTF lub WordPerfect. [&hellip;]<\/p>\n","protected":false},"author":1,"featured_media":0,"parent":19,"menu_order":8,"comment_status":"closed","ping_status":"closed","template":"","meta":{"_links_to":"","_links_to_target":""},"_links":{"self":[{"href":"http:\/\/www1.up.poznan.pl\/agrifoodlogistics\/wp-json\/wp\/v2\/pages\/375"}],"collection":[{"href":"http:\/\/www1.up.poznan.pl\/agrifoodlogistics\/wp-json\/wp\/v2\/pages"}],"about":[{"href":"http:\/\/www1.up.poznan.pl\/agrifoodlogistics\/wp-json\/wp\/v2\/types\/page"}],"author":[{"embeddable":true,"href":"http:\/\/www1.up.poznan.pl\/agrifoodlogistics\/wp-json\/wp\/v2\/users\/1"}],"replies":[{"embeddable":true,"href":"http:\/\/www1.up.poznan.pl\/agrifoodlogistics\/wp-json\/wp\/v2\/comments?post=375"}],"version-history":[{"count":13,"href":"http:\/\/www1.up.poznan.pl\/agrifoodlogistics\/wp-json\/wp\/v2\/pages\/375\/revisions"}],"predecessor-version":[{"id":1259,"href":"http:\/\/www1.up.poznan.pl\/agrifoodlogistics\/wp-json\/wp\/v2\/pages\/375\/revisions\/1259"}],"up":[{"embeddable":true,"href":"http:\/\/www1.up.poznan.pl\/agrifoodlogistics\/wp-json\/wp\/v2\/pages\/19"}],"wp:attachment":[{"href":"http:\/\/www1.up.poznan.pl\/agrifoodlogistics\/wp-json\/wp\/v2\/media?parent=375"}],"curies":[{"name":"wp","href":"https:\/\/api.w.org\/{rel}","templated":true}]}}