{"id":25,"date":"2018-09-08T10:36:49","date_gmt":"2018-09-08T08:36:49","guid":{"rendered":"http:\/\/www1.up.poznan.pl\/agrifoodlogistics?page_id=25"},"modified":"2020-10-16T19:09:26","modified_gmt":"2020-10-16T18:09:26","slug":"kontakt","status":"publish","type":"page","link":"http:\/\/www1.up.poznan.pl\/agrifoodlogistics\/kontakt\/","title":{"rendered":"Kontakt"},"content":{"rendered":"<p><strong>Uniwersytet Przyrodniczy w Poznaniu<\/strong><br \/>\nWydzia\u0142 Ekonomiczno-Spo\u0142eczny<br \/>\nKatedra Prawa i Organizacji Przedsi\u0119biorstw w Agrobiznesie<br \/>\nUl. Wojska Polskiego 28<br \/>\n60-637 Pozna\u0144<br \/>\ne-mail:. ifal@up.poznan.pl<br \/>\ntel. +48 61 848 7110<\/p>\n<p><i class=\"fa-lg fab fa-facebook-square\"><\/i><a href=\"https:\/\/www.facebook.com\/The-International-Forum-on-Agri-Food-Logistics-218413095033564\">4th International Forum on Agri-Food Logistics<\/a><\/p>\n","protected":false},"excerpt":{"rendered":"<p>Uniwersytet Przyrodniczy w Poznaniu Wydzia\u0142 Ekonomiczno-Spo\u0142eczny Katedra Prawa i Organizacji Przedsi\u0119biorstw w Agrobiznesie Ul. Wojska Polskiego 28 60-637 Pozna\u0144 e-mail:. ifal@up.poznan.pl tel. +48 61 848 7110 4th International Forum on Agri-Food Logistics<\/p>\n","protected":false},"author":1,"featured_media":0,"parent":0,"menu_order":6,"comment_status":"closed","ping_status":"closed","template":"","meta":{"_links_to":"","_links_to_target":""},"_links":{"self":[{"href":"http:\/\/www1.up.poznan.pl\/agrifoodlogistics\/wp-json\/wp\/v2\/pages\/25"}],"collection":[{"href":"http:\/\/www1.up.poznan.pl\/agrifoodlogistics\/wp-json\/wp\/v2\/pages"}],"about":[{"href":"http:\/\/www1.up.poznan.pl\/agrifoodlogistics\/wp-json\/wp\/v2\/types\/page"}],"author":[{"embeddable":true,"href":"http:\/\/www1.up.poznan.pl\/agrifoodlogistics\/wp-json\/wp\/v2\/users\/1"}],"replies":[{"embeddable":true,"href":"http:\/\/www1.up.poznan.pl\/agrifoodlogistics\/wp-json\/wp\/v2\/comments?post=25"}],"version-history":[{"count":4,"href":"http:\/\/www1.up.poznan.pl\/agrifoodlogistics\/wp-json\/wp\/v2\/pages\/25\/revisions"}],"predecessor-version":[{"id":1255,"href":"http:\/\/www1.up.poznan.pl\/agrifoodlogistics\/wp-json\/wp\/v2\/pages\/25\/revisions\/1255"}],"wp:attachment":[{"href":"http:\/\/www1.up.poznan.pl\/agrifoodlogistics\/wp-json\/wp\/v2\/media?parent=25"}],"curies":[{"name":"wp","href":"https:\/\/api.w.org\/{rel}","templated":true}]}}