{"id":19,"date":"2018-09-08T10:36:11","date_gmt":"2018-09-08T08:36:11","guid":{"rendered":"http:\/\/www1.up.poznan.pl\/agrifoodlogistics?page_id=19"},"modified":"2020-10-30T15:56:32","modified_gmt":"2020-10-30T14:56:32","slug":"publikacja","status":"publish","type":"page","link":"http:\/\/www1.up.poznan.pl\/agrifoodlogistics\/publikacja\/","title":{"rendered":"Publikacje"},"content":{"rendered":"\n<p><\/p>\n\n\n<p><a href=\"http:\/\/www1.up.poznan.pl\/agrifoodlogistics\/publikacja\/abstrakt\/\">Abstrakt<\/a><\/p>\n<p><a href=\"http:\/\/www1.up.poznan.pl\/agrifoodlogistics\/publikacja\/wspolczesne-wyzwania-zrownowazonego-lancucha-dostaw-zywnosci-monografia\/\">Wsp\u00f3\u0142czesne wyzwania Z\u0141D\u017b (Monografia)<\/a><\/p>\n<p><a href=\"http:\/\/www1.up.poznan.pl\/agrifoodlogistics\/publikacja\/prawne-aspekty-funkcjonowania-zrownowazonego-lancucha-dostaw-zywnosci-monografia\/\">Prawne aspekty funkcjonowania Z\u0141D\u017b (Monografia)<\/a><\/p>\n<p><a href=\"https:\/\/www.mdpi.com\/journal\/agriculture\/special_issues\/agriculture_rural_areas_sustainable\">Agriculture Special Issue<\/a><\/p>\n<p><a href=\"http:\/\/eiol.wne.sggw.pl\/dla-autorow\/\">Ekonomika i Organizacja Logistyki<\/a><\/p>\n<p><a href=\"http:\/\/www1.up.poznan.pl\/agrifoodlogistics\/publikacja\/intercathedra\/\">Intercathedra<\/a><\/p>\n\n\n<p><\/p>\n","protected":false},"excerpt":{"rendered":"<p>Abstrakt Wsp\u00f3\u0142czesne wyzwania Z\u0141D\u017b (Monografia) Prawne aspekty funkcjonowania Z\u0141D\u017b (Monografia) Agriculture Special Issue Ekonomika i Organizacja Logistyki Intercathedra<\/p>\n","protected":false},"author":1,"featured_media":0,"parent":0,"menu_order":5,"comment_status":"closed","ping_status":"closed","template":"","meta":{"_links_to":"","_links_to_target":""},"_links":{"self":[{"href":"http:\/\/www1.up.poznan.pl\/agrifoodlogistics\/wp-json\/wp\/v2\/pages\/19"}],"collection":[{"href":"http:\/\/www1.up.poznan.pl\/agrifoodlogistics\/wp-json\/wp\/v2\/pages"}],"about":[{"href":"http:\/\/www1.up.poznan.pl\/agrifoodlogistics\/wp-json\/wp\/v2\/types\/page"}],"author":[{"embeddable":true,"href":"http:\/\/www1.up.poznan.pl\/agrifoodlogistics\/wp-json\/wp\/v2\/users\/1"}],"replies":[{"embeddable":true,"href":"http:\/\/www1.up.poznan.pl\/agrifoodlogistics\/wp-json\/wp\/v2\/comments?post=19"}],"version-history":[{"count":3,"href":"http:\/\/www1.up.poznan.pl\/agrifoodlogistics\/wp-json\/wp\/v2\/pages\/19\/revisions"}],"predecessor-version":[{"id":1276,"href":"http:\/\/www1.up.poznan.pl\/agrifoodlogistics\/wp-json\/wp\/v2\/pages\/19\/revisions\/1276"}],"wp:attachment":[{"href":"http:\/\/www1.up.poznan.pl\/agrifoodlogistics\/wp-json\/wp\/v2\/media?parent=19"}],"curies":[{"name":"wp","href":"https:\/\/api.w.org\/{rel}","templated":true}]}}